 and 60.
12
Let b be 338/4 + (-1)/2. Let x be (-175)/49 + 156/273 + 51. Calculate the greatest common factor of x and b.
12
Suppose -2*f = 44 + 4. Let s be (f/16)/((-6)/32). Let i be -4 + 3 + -2 + 9 + 0. Calculate the highest common factor of i and s.
2
Let m be ((-622)/4 + -8)/((-3)/4). Suppose 2*q - 100 = d + m, 482 = 3*q + d. What is the greatest common factor of 64 and q?
32
Suppose -3*b = 2*l - 392, 2*b + 2*b + 5*l - 525 = 0. Suppose -12 = 126*h - b*h. Calculate the highest common factor of 60 and h.
3
Suppose 0 = 4*t - 3*t - 4*v + 5, 2*t + 5*v = -10. Let h be (76/10)/((2 - t)/35). Calculate the highest common divisor of h and 38.
38
Let f be 1*-1*(4 - 420/4). Let n = f + -84. Suppose 272 = -3*c + 5*c. Calculate the highest common divisor of n and c.
17
Let t = 5424 + -4358. Calculate the highest common divisor of 52 and t.
26
Suppose 0 = 2*a - u - 175, -5*u - 602 + 162 = -5*a. What is the greatest common factor of a and 145?
29
Let g(q) = -3*q + 5. Let c be g(-9). Suppose 5*d - 4*n - 18 = -n, -4*d + 17 = -5*n. Let l = d + c. What is the greatest common factor of 385 and l?
35
Let t(j) = 2*j**3 + 9*j**2 - 18*j - 28. Let i be t(11). Suppose -4*y = -i + 1369. Calculate the highest common factor of y and 77.
77
Let b(i) = 55*i + 1019. Let f be b(-17). What is the highest common divisor of f and 189?
21
Let p be (106/(-6) - 1)/((-13)/780). Calculate the greatest common factor of p and 2080.
160
Suppose -5*w = 3*d - 27113, 262*w + 5*d = 259*w + 16255. What is the highest common divisor of w and 50?
25
Suppose 0 = 8*j - 130 - 494. Suppose 13*w - 14*w = -j. What is the greatest common divisor of w and 12?
6
Suppose 0 = 3*d + 2*i - 24 - 20, -3*d = i - 40. Let j be 5/2 + (-9 - (-126)/d). Calculate the highest common factor of 100 and j.
4
Suppose -34*u - 76 = -1436. Let r be ((-11790)/u)/((-9)/24). What is the highest common factor of r and 6?
6
Suppose -1559 + 51 = -26*h. What is the highest common divisor of 1073 and h?
29
Suppose -9*i + 8*i = -53. Let k(a) = 7*a + 9. Let h be k(7). Let c = h - i. Calculate the greatest common divisor of 5 and c.
5
Let v = -48421 - -48434. What is the greatest common factor of 13585 and v?
13
Suppose -4*f = -b + 208, -b + 3*b + 4*f - 416 = 0. Let z(y) = -6970*y - 48764. Let l be z(-7). Calculate the greatest common factor of b and l.
26
Suppose 4*n - n = 2*y - 45, -74 = -3*y - 2*n. Let g = y - 23. Suppose -6 = -3*j, 16 + 6 = 4*i - 5*j. What is the highest common divisor of i and g?
1
Let y be ((-140)/12)/(9/(-27)). Suppose 0 = -18*m - y*m + 10971. Calculate the highest common divisor of 115 and m.
23
Suppose 82*n - 446310 = 24*n. What is the highest common divisor of 190 and n?
95
Let p(i) = -i**3 - 7*i + 63. Let q be p(0). Let a = -51 + q. Calculate the greatest common divisor of a and 348.
12
Let d(k) = 162*k**3 - k**2 + 2*k - 1. Let l be d(1). Suppose -14*c + 15 + 27 = 0. Suppose -c*t + 9 = -45. Calculate the highest common divisor of t and l.
18
Suppose -8 = x - 3, 4*a + 5*x = -17. Suppose 4275 = 27*u - a*u. What is the highest common divisor of u and 9?
9
Suppose 636 = h - 1530*v + 1525*v, -2*h - 5*v + 1362 = 0. Calculate the highest common divisor of h and 592.
74
Let k be 6 - -13 - 9 - 2. Calculate the greatest common divisor of 668 and k.
4
Suppose -5 = -f - 7, 3*k = 5*f + 160. Suppose -100*j + 98*j = -280. Calculate the greatest common divisor of j and k.
10
Let b = 7 + -6. Suppose 87 = 3*a + 63. Let f(k) = 2*k**2 - 14*k - 12. Let q be f(a). Calculate the greatest common divisor of q and b.
1
Let j(p) = p**3 - 31*p**2 + 119*p - 4758. Let o be j(32). Suppose 2*n = -f + 223, -2*n + 5*f = 2*n - 439. What is the highest common factor of o and n?
37
Suppose 3*y + 638 = 803. What is the highest common divisor of y and 45?
5
Let a be (-354)/(-4)*(-3)/9*-30. Let g = -830 + a. Calculate the highest common divisor of g and 990.
55
Let r(b) = -b**2 - 19*b + 8. Let j be r(-17). Let p = -36 - -33. Let m(l) = -l**3 - 2*l**2 - l. Let o be m(p). What is the greatest common divisor of j and o?
6
Let m(c) = 3*c**3 + 22*c**2 + 7*c. Let u be m(-7). Suppose u = -3*i - 106 + 16. Let y be (i/4 - -1)*(-2 + 0). What is the highest common factor of 26 and y?
13
Let n(a) = -4*a - 8. Let s be (-280)/21 + 12/9 - -1. Let q be n(s). Calculate the highest common factor of 54 and q.
18
Suppose j + 5*z = -32 + 25, 6 = -3*z. Suppose 4*q = 2*b + 146, -4*q = q + 2*b - 205. What is the greatest common factor of q and j?
3
Suppose 108 = -18*x + 378. What is the greatest common divisor of x and 360?
15
Let q = -821 + 2522. What is the greatest common factor of 42 and q?
21
Let t(u) be the third derivative of u**4/8 + 83*u**3/6 - 66*u**2 + 2. Let o be t(-16). Calculate the highest common divisor of o and 14.
7
Suppose n - 2915 = -2*s, -18*s = -5*n - 15*s + 14549. What is the highest common factor of 142 and n?
71
Let k be 23/(-7) + (-12)/(-42) - -1. Let u be (-102)/k - ((-4 - -2) + 2). Calculate the highest common divisor of u and 51.
51
Let p be (-1)/9 - (-8326)/414. Calculate the greatest common divisor of p and 40.
20
Suppose 680 = 4*o - 5*h, -o + 2*h + h = -177. Suppose 0 = 3*q - 3*u - 201, 0 = 264*q - 267*q - 4*u + 152. Calculate the highest common divisor of o and q.
15
Let i(y) = -28*y - 33. Let b be i(-7). Let x = -153 + b. Let h = -129 + 209. What is the greatest common factor of x and h?
10
Suppose 3*g - 6*g + 2352 = 0. Suppose 9*z = g + 1115. Let c = -63 + z. Calculate the highest common factor of c and 37.
37
Suppose -40 = -y - 4*s, y + 3*s = 5*y - 65. Let p = y - 15. Suppose b - p*h + 11 = 0, -5*b + b + 4 = -4*h. Calculate the highest common divisor of b and 4.
4
Let g(v) = 2*v**3 + 14*v**2 - 11*v - 3. Let i be g(-7). Let k = i + 14. Calculate the greatest common factor of k and 110.
22
Let z(m) be the third derivative of m**5/20 - 19*m**4/24 + m**3/6 + m**2 - 5*m. Let i be z(7). Calculate the greatest common factor of 3 and i.
3
Let v be 25/(750/(-14472))*-5 + -11. Calculate the highest common factor of 7 and v.
7
Let o(r) = 5*r**2 - 45*r + 178. Let u be o(4). What is the highest common factor of 208 and u?
26
Suppose 4760 = -413*y + 448*y. Calculate the highest common factor of 1666 and y.
34
Let c be 1/(9/(-5094))*1. Let y = -492 - c. What is the greatest common divisor of 296 and y?
74
Let s = 810 + -399. Let f = -299 + s. Calculate the greatest common factor of 16 and f.
16
Let g be (536/12 + 4 - 6) + 2/(-3). Calculate the greatest common factor of 336 and g.
42
Suppose -3*j = 2*f - 2463, 47*j - 5*f - 855 = 46*j. Calculate the highest common divisor of 195 and j.
15
Suppose -3*f = -3*k + 21, 0 = -3*k + 6*f - 4*f + 17. Suppose -5*b + 2342 = -0*b - 4*i, 0 = k*b + 3*i - 1416. Calculate the greatest common divisor of 94 and b.
94
Let y(t) = 5*t**3 - 10*t**2 - 4*t + 11. Let x be y(2). What is the greatest common factor of 159 and x?
3
Suppose -19*r + 284 = -590. Suppose -646 = -r*o + 10854. What is the greatest common factor of o and 75?
25
Suppose -x + 401 = g, g - 283 - 82 = 5*x. Calculate the greatest common divisor of 40 and g.
5
Let a(j) = -13*j**3 - 10*j**2 + 31*j + 276. Let p be a(-6). What is the greatest common divisor of p and 188?
94
Let m be 715775/85 + 8/17*(-3)/(-12). Calculate the greatest common divisor of m and 21.
21
Let u be 26/8 + -3 + (-105)/(-28). Suppose -4*s - u*y - 40 = 12, -5*s = 4*y + 60. Let p = 38 + s. Calculate the greatest common factor of p and 18.
6
Let u = -69 - -72. Let g be ((-7)/(-21))/(u/999). What is the greatest common factor of 3 and g?
3
Suppose v = 4*z + 384, 5*z + 1 = 11. Let j = v - 339. What is the greatest common divisor of 53 and j?
53
Let u = 14033 - 14020. What is the highest common factor of u and 7267?
13
Suppose -1040*q + 600 = -1046*q. Let t = -109 - -224. Let m = q + t. What is the highest common factor of 10 and m?
5
Let n(o) = 6*o**2 + 5*o - 27. Let x be n(3). Suppose -x*j + 49*j - 2016 = 0. Calculate the greatest common divisor of 9 and j.
9
Let n be (-39)/6 - (-5 + 2)/6. Let b be (8 - 2)/(n/(-15)). Suppose 5*t = -3*y + b, t - 3*t + 3*y + 6 = 0. What is the highest common factor of 9 and t?
3
Suppose -58*w = -129*w + 52*w + 1710. Calculate the highest common factor of w and 11916.
18
Let c(y) = -2282*y + 68532. Let q be c(30). Suppose -63 = g - 2*g. Calculate the great